 - 3*a - a**2 + 10*a**3 - a**2 + 5*a**3 - 11. Let n be p(6). Suppose -n + 117 = -4*q. Is q a prime number?
True
Let l = -7 - 0. Let a = l - -9. Let n(d) = 37*d**2 - d - 1. Is n(a) prime?
False
Suppose 5*s - 36 - 4 = -l, -4 = s. Is 20/l - (-1216)/6 a composite number?
True
Suppose -3*u - 7*t + 10473 = -2*t, t = 4*u - 13964. Is u a composite number?
False
Let z = 9 - 5. Suppose -2*n = -3 - 381. Suppose n + 652 = z*h. Is h prime?
True
Let y = -54 + 56. Suppose -y*l = -650 - 1076. Is l composite?
False
Suppose 2015 - 635 = -4*t. Let a = 544 - t. Suppose 0 = -0*q - q + a. Is q composite?
True
Let w = 8809 - 5550. Is w prime?
True
Suppose -3*b = -2*p + 131, -b = 3*b - 12. Let c = p + 7. Is c prime?
False
Let o be ((-500)/(-8))/((-1)/(-44)). Suppose -2*p - 252 = -o. Is p a composite number?
False
Let t(j) = -304*j - 119. Is t(-24) composite?
False
Let d(c) be the second derivative of c**6/360 - c**4/8 - c**3 - 6*c. Let y(a) be the second derivative of d(a). Is y(-4) prime?
True
Suppose d + y = 1512, -2*d + 4*y = y - 3024. Let c = d - 485. Is c a prime number?
False
Suppose -4*g + 2518 = -3406. Suppose g = o - 2*k, -5*o + 7423 = -4*k - 0*k. Suppose -2*f + o = 3*x, 0 = 2*x + 2*f - 6*f - 1002. Is x prime?
False
Let j = -72 - -76. Suppose -3*l + j*r - 186 = -1417, 2*l - 819 = 3*r. Is l prime?
False
Suppose 3*u = -3*a + 4*u + 115530, a + 5*u - 38494 = 0. Is a prime?
False
Let l be 36/24 + 3/(-2) + 2. Is (1 - 0)/(l/(-45094)*-7) a prime number?
True
Is (3/2 + -1)/((-3)/(-40542)) a prime number?
False
Suppose 4*v - 30*b = -34*b + 16808, -5*v - 2*b = -21007. Is v composite?
False
Is (139705/40)/(1/8) a composite number?
False
Let i(v) = 13*v**2 - 4. Let b be i(-7). Suppose -2*m - 4*a + 1800 = -6*m, 0 = 3*m - 4*a + 1354. Let f = b + m. Is f a prime number?
False
Let r = 4497 - 380. Is r prime?
False
Suppose -2*u - 4*h + 650 = 0, 2*h + 1637 = -2*u + 7*u. Is u a prime number?
False
Let k(y) = -1 + 9 - y**2 + 3 + 10*y. Let j be ((-2)/(-4))/((-3)/(-60)). Is k(j) prime?
True
Let n be (2/4)/((-3)/3102). Let f = -1360 - -632. Let w = n - f. Is w a composite number?
False
Let l = -1140 - -3769. Is l prime?
False
Let y(j) = -j**3 - 20*j - 1 + 4*j**3 - 2*j**3 - 11*j**2. Suppose -4*z + 20 = 0, 2*z + 55 = 5*l - z. Is y(l) a prime number?
True
Let t(q) be the third derivative of -q**7/2520 + 13*q**6/720 - q**5/24 - 7*q**4/24 - 10*q**2. Let j(r) be the second derivative of t(r). Is j(5) prime?
False
Suppose d = l - 730, -28*d + 23*d + 1481 = 2*l. Is l a composite number?
False
Let q be ((-20)/(-8)*-89)/((-1)/2). Let o = 1122 - q. Is o prime?
True
Suppose 6 = -4*s + 7*s. Suppose y - 1433 = -s*f - f, 0 = 2*f + y - 954. Is f a composite number?
False
Let q be 32/4*44/8. Suppose 3*a + 1 = r + 5*a, q = 5*r - 3*a. Is r prime?
True
Let n(i) = 170*i - 135. Is n(2) a composite number?
True
Let q be 1497*(-2)/3*-1. Suppose 0*t - 2*t = q. Let i = -353 - t. Is i a prime number?
False
Let u = 63543 - 14812. Is u composite?
False
Let p be 3/3 - (47 + -6). Let u = 483 + p. Is u a composite number?
False
Let v(f) = 31*f + 3. Let y be v(8). Let q = 236 + y. Is q composite?
False
Let q = -806 - -2737. Is q a composite number?
False
Suppose 0 = 4*p - 8, 10*o - 12*o + 4*p + 1138 = 0. Is o a composite number?
True
Let i = 460 + 2853. Is i a composite number?
False
Suppose 5*i = -2*y + 68, 3*i + 110 = -2*y + 6*y. Let q(u) = -y*u - 1 - 1 + 3 + 4. Is q(-4) prime?
False
Suppose 0 = -2*h + 10, h - 5*h - 416017 = -3*j. Is j a prime number?
True
Let x(h) be the first derivative of 4*h**3/3 - 3*h**2/2 + 10*h + 35. Is x(9) composite?
False
Suppose 6630 = 4*k + 2*l, -3*l + 5330 = 2*k + 2013. Is k a prime number?
True
Is (-20)/12 + 12422/3 a composite number?
False
Let b = -799 - -2605. Let h = b - -1079. Is h a composite number?
True
Let k be 16/12 - (-6190)/6. Let a = -362 + k. Suppose -5*t - 5*l - 256 = -1366, 3*t - 2*l = a. Is t a prime number?
True
Let b = 106 + -108. Suppose 2*k = 5*k + 4020. Is b/3 + k/(-3) a prime number?
False
Suppose -3*p = 142 - 5305. Is p prime?
True
Let g(c) be the second derivative of 0 + 1/3*c**3 - 3/20*c**5 - 10*c + 7/2*c**2 - 1/4*c**4. Is g(-4) composite?
True
Suppose 0 = -5*z + 5*a - 4*a - 34, -4 = 4*z + 5*a. Let y(f) = 9*f - 11. Let d(j) = j - 1. Let b(k) = z*d(k) + y(k). Is b(8) prime?
True
Let r = 129 + -136. Let x(j) = -9*j**3 - 10*j**2 + 2*j - 4. Is x(r) prime?
True
Is 6158/(-1)*1/(-2) a composite number?
False
Let y(i) = 30*i**3 - i**2 - 4*i + 3. Let p be y(3). Is p + 1 + 16/4 a composite number?
False
Let k(w) be the second derivative of 13/2*w**3 + 1/2*w**2 + 0 + 3*w. Is k(2) composite?
False
Suppose 5*a + 3*j = 3*a + 5860, 0 = 4*j. Is (a/15)/(2/9) a prime number?
False
Let t(p) be the third derivative of -p**6/120 + p**5/12 + 3*p**4/8 - 4*p**3/3 - 22*p**2. Is t(5) a prime number?
True
Suppose 220*t - 8919 = 211*t. Is t prime?
True
Let t be 9/((-9)/(-2)) + 391*9. Let h = 5152 - t. Is h prime?
False
Let j(p) = 3 - 2 - 2 + 59*p**2 + p. Suppose 0 = 11*i - 7*i - 4. Is j(i) prime?
True
Let q be (-14499)/(-36) + 2/8. Suppose -5*k + b + 1535 = 0, -5*k - b + 1938 - q = 0. Is k a composite number?
False
Suppose 63*d = 48*d + 7365. Is d prime?
True
Let w = 1624 + -705. Is w a composite number?
False
Let i(a) = -38*a**3 + 8*a**2 + 14*a + 11. Let f(t) = -13*t**3 + 3*t**2 + 5*t + 4. Let g(r) = -8*f(r) + 3*i(r). Let v be (-2)/(-8) + 18/(-8). Is g(v) composite?
True
Suppose -3*x + 3 = 3*v + 9, -5*v + 6 = x. Let q = v + 1. Suppose 3*i - 3*u = 504, 0*i + q*u - 164 = -i. Is i composite?
False
Let p be 2 + (2 - 0)/2. Let u(j) = 0*j - j + 2*j + 501*j**3 - 51*j**p - 2*j**2. Is u(1) a composite number?
False
Let a = -7 - -9. Suppose 5*z + u + 4*u - 180 = 0, -2*z = 4*u - 70. Suppose q + a*i - z = 0, -q + 2*i + 8 + 17 = 0. Is q prime?
True
Let z be (-57)/(-21) + (-16)/(-56). Let n(m) = -m**3 - 9*m**2 + 10*m + 8. Let c be n(-10). Suppose -z*i - 50 = -c*i. Is i prime?
False
Let i(b) = -1441*b - 2. Is i(-21) prime?
True
Let i(c) = 10*c**3 - 4*c**2 - 4*c - 4. Let l(t) = 30*t**3 - 11*t**2 - 11*t - 11. Let f(p) = 8*i(p) - 3*l(p). Let k be f(-1). Is -21*(0 + k/(-3)) prime?
False
Let a = 977 - -870. Is a a prime number?
True
Suppose 18300 = -4*k + 3*g, k + 4*g + 5387 - 831 = 0. Let a = 9627 + k. Suppose -h + 4*h = a. Is h a composite number?
True
Let s(a) be the second derivative of 9*a - 3/2*a**2 + 0 + 5/6*a**3. Is s(8) composite?
False
Let y be ((-21)/14)/((-3)/(-6)). Is (-4 + -3)/(y/267) prime?
False
Let r be 43/8 + 69/(-184). Suppose -7*p + 2*p = -15. Suppose -406 = -r*o + p*o - 4*b, 0 = -5*o + b + 1026. Is o a composite number?
True
Let t = 35 + -33. Suppose 4*l + 6 = -t, -5*l + 5895 = 5*n. Is n prime?
True
Suppose 14 - 6 = 2*n. Suppose n*p + 16 = 0, 4*p + 311 = f + 4*f. Let z = 250 - f. Is z a prime number?
True
Let l be 5151/119 - (-4)/(-14). Let y = 78 + l. Is y composite?
True
Let y(z) = 7*z - 5. Let b be y(5). Let h = b + 119. Is h prime?
True
Let r = -5 - -11. Suppose 2*i = 5*u - 3 + r, -5*i + 19 = -u. Suppose 4*y + 2*v = 810, 0 = 3*v + u + 2. Is y prime?
False
Let w(b) = -12*b + 1 + 0 - 14*b. Suppose -6*r - 22 = -10. Is w(r) prime?
True
Let s = 3 - -10. Suppose 4*y + l + s = -10, 5*l + 10 = y. Let b(u) = 25*u**2 - u + 11. Is b(y) a prime number?
True
Let a = 248055 + 37322. Is a a composite number?
False
Let q(l) = l**2 + 4*l. Let f be q(-5). Suppose -f*y - 2 = 3. Let c(z) = -4*z - 1. Is c(y) a composite number?
False
Suppose 2*v + 2*z = -294, 3*z - 262 = 2*v + 7. Let g be -2 + 0 + v + -5. Let y = 0 - g. Is y composite?
False
Let u(z) = 25*z**2 + 10*z + 13. Let m = -26 - -20. Is u(m) a composite number?
False
Is -2*(-68068)/8 - 6 prime?
True
Let o(f) = 2*f - 22. Let j be o(13). Is (15 + -13)/(j/974) composite?
False
Is (-93031)/(-3) - (-304)/114 prime?
True
Suppose 858 - 88 = 2*q - 5*k, 3*k = -4*q + 1540. Suppose 0 = c - q + 12. Is c prime?
True
Suppose z - 4*q = 3813, 4*z - 5*q - 3790 - 11484 = 0. Is z a prime number?
True
Suppose -4 = 2*g + 16. Let h(u) = -43*u + 20. Let o be h(g). Suppose 2*x - o = 384. Is x a prime number?
False
Is (-100170)/(-22) - 22/121 a prime number?
False
Let x = 623 - 191. Suppose 2*y = 7*y - 15, y - x = -3*d. Is d composite?
True
Suppose 0 = -2*l - g - g + 8, -3*l = 2*g - 11. Suppose 1086 = -l*i + 5*i. Is i prime?
False
Let n be (-5)/(1 + 2 + -4). S